{"id":34964,"date":"2026-04-16T18:30:39","date_gmt":"2026-04-16T16:30:39","guid":{"rendered":"https:\/\/dev.easyteam.org\/lissonemontalcini\/?page_id=34964"},"modified":"2026-04-20T23:40:27","modified_gmt":"2026-04-20T21:40:27","slug":"erasmus","status":"publish","type":"page","link":"https:\/\/dev.easyteam.org\/lissonemontalcini\/didattica\/erasmus\/","title":{"rendered":"Erasmus+"},"content":{"rendered":"<p><strong>Cos\u2019\u00e8 Erasmus plus<\/strong>? E\u2019 un programma dell\u2019Unione Europea che fornisce a giovani ed adulti opportunit\u00e0 di studio, di formazione, di esperienze lavorative o di volontariato all\u2019estero.<\/p>\n<p><strong>Quali possibilit\u00e0 pu\u00f2 offrire alle scuole<\/strong>? Le scuole possono elaborare dei progetti che prevedano&nbsp;la mobilit\u00e0 del personale: periodi all\u2019estero per migliorare le proprie competenze e rinnovare la didattica, per conoscere altri sistemi educativi e formativi e per confrontarsi&nbsp;con colleghi europei.<\/p>\n<p>Il nostro Istituto ha partecipato per la prima volta a questo stimolante progetto negli anni 2019-2020, con l&#8217;azione KA1 \u2013 MOBILIT\u00c0 DELLO STAFF DELLA SCUOLA, che ha portato diversi docenti a seguire percorsi di formazione all&#8217;estero.<\/p>\n<p>L&#8217;esperienza \u00e8 stata cos\u00ec significativa che abbiamo deciso di fare un passo in pi\u00f9: ci siamo candidati per l\u2019accreditamento Erasmus+, che permette di progettare su pi\u00f9 anni, coinvolgendo anche gli alunni; il nostro progetto ha ottenuto uno splendido punteggio e cos\u00ec&#8230; eccoci all&#8217;opera!<\/p>\n<p>Se vuoi scoprire di pi\u00f9 su questi progetti, sulle esperienze gi\u00e0 fatte e su quelle in programma, clicca sui bottoni sottostanti!<\/p>\n<style type='text\/css' media='all'>#rt-tpg-container-2898687578 .rt-holder .rt-woo-info .price{color:#0367bf;}body .rt-tpg-container .rt-tpg-isotope-buttons .selected,\n\t\t\t\t\t#rt-tpg-container-2898687578 .layout12 .rt-holder:hover .rt-detail,\n\t\t\t\t\t#rt-tpg-container-2898687578 .isotope8 .rt-holder:hover .rt-detail,\n\t\t\t\t\t#rt-tpg-container-2898687578 .carousel8 .rt-holder:hover .rt-detail,\n\t\t\t\t\t#rt-tpg-container-2898687578 .layout13 .rt-holder .overlay .post-info,\n\t\t\t\t\t#rt-tpg-container-2898687578 .isotope9 .rt-holder .overlay .post-info,\n\t\t\t\t\t#rt-tpg-container-2898687578.rt-tpg-container .layout4 .rt-holder .rt-detail,\n\t\t\t\t\t.rt-modal-2898687578 .md-content,\n\t\t\t\t\t.rt-modal-2898687578 .md-content > .rt-md-content-holder .rt-md-content,\n\t\t\t\t\t.rt-popup-wrap-2898687578.rt-popup-wrap .rt-popup-navigation-wrap,\n\t\t\t\t\t#rt-tpg-container-2898687578 .carousel9 .rt-holder .overlay .post-info{background-color:#0367bf;}#rt-tpg-container-2898687578 .layout5 .rt-holder .overlay, #rt-tpg-container-2898687578 .isotope2 .rt-holder .overlay, #rt-tpg-container-2898687578 .carousel2 .rt-holder .overlay,#rt-tpg-container-2898687578 .layout15 .rt-holder h3, #rt-tpg-container-2898687578 .isotope11 .rt-holder h3, #rt-tpg-container-2898687578 .carousel11 .rt-holder h3, #rt-tpg-container-2898687578 .layout16 .rt-holder h3,\n\t\t\t\t\t#rt-tpg-container-2898687578 .isotope12 .rt-holder h3, #rt-tpg-container-2898687578 .carousel12 .rt-holder h3 {background-color:rgba(3,103,191,0.1);}#rt-tpg-container-2898687578 .read-more a{border-radius:px;}#rt-tpg-container-2898687578 .rt-img-holder img.rt-img-responsive,#rt-tpg-container-2898687578 .rt-img-holder,\n\t\t\t\t\t#rt-tpg-container-2898687578 .rt-post-overlay .post-img,\n\t\t\t\t\t#rt-tpg-container-2898687578 .post-sm .post-img,\n\t\t\t\t\t#rt-tpg-container-2898687578 .rt-post-grid .post-img,\n\t\t\t\t\t#rt-tpg-container-2898687578 .post-img img {border-radius:px;}<\/style><div class='rt-container-fluid rt-tpg-container tpg-shortcode-main-wrapper  loading' id='rt-tpg-container-2898687578'   data-layout='layout1' data-grid-style='even' data-desktop-col='3'  data-tab-col='2'  data-mobile-col='1' data-sc-id='35269'><div id=\"bottom-script-loader\" class=\"bottom-script-loader\"><div class=\"rt-ball-clip-rotate\"><div><\/div><\/div><\/div><div data-title='Loading ...' class='rt-row rt-content-loader   layout1 tpg-even '><div class=\"rt-col-md-4 rt-col-sm-6 rt-col-xs-12 even-grid-item rt-grid-item\" data-id=\"34968\"><div class=\"rt-holder\"><div class='rt-detail'><h3 class=\"entry-title\"><a data-id=\"34968\" class=\"\" href=\"https:\/\/dev.easyteam.org\/lissonemontalcini\/1-erasmus-19-20\/\">1\u00b0 ERASMUS KA1 2019-2020<\/a><\/h3><div class='post-meta-user  '><span class='author'><i class='fa fa-user '><\/i><a href=\"https:\/\/dev.easyteam.org\/lissonemontalcini\/author\/easyadmin\/\">Webmaster<\/a><\/span><span class='date'><i class='far fa-calendar-alt '><\/i>17 Aprile 2026<\/span><\/div><div class='tpg-excerpt'>Una grande novit\u00e0 riguarda il nostro Istituto: l\u2019Agenzia Nazionale Erasmus + Indire ha approvato il...<\/div><div class='post-meta '><div class='rt-tpg-social-share'><a class='facebook' title='Share on facebook' target='_blank' href='https:\/\/www.facebook.com\/sharer\/sharer.php?u=https:\/\/dev.easyteam.org\/lissonemontalcini\/1-erasmus-19-20\/'><i class='fab fa-facebook-f ' aria-hidden='true'><\/i><\/a><a class='twitter' title='Share on twitter' target='_blank' href='http:\/\/www.twitter.com\/intent\/tweet?url=https:\/\/dev.easyteam.org\/lissonemontalcini\/1-erasmus-19-20\/'><i class='fab fa-x-twitter ' aria-hidden='true'><\/i><\/a><a class='linkedin' title='Share on linkedin' target='_blank' href='https:\/\/www.linkedin.com\/shareArticle?mini=true&amp;url=https:\/\/dev.easyteam.org\/lissonemontalcini\/1-erasmus-19-20\/'><i class='fab fa-linkedin-in ' aria-hidden='true'><\/i><\/a><a class=\"email\" title=\"Share on Email\" href=\"mailto:?subject=1\u00b0 ERASMUS KA1 2019-2020&amp;body=Una grande novit\u00e0 riguarda il nostro Istituto: l\u2019Agenzia Nazionale Erasmus + Indire ha approvato il progetto di mobilit\u00e0 presentato dalla nostra scuola, autorizzando l\u2019AZIONE KA1 \u2013 MOBILIT\u00c0 DELLO STAFF DELLA SCUOLA. Ogni candidatura viene attentamente vagliata [&hellip;]\r - https:\/\/dev.easyteam.org\/lissonemontalcini\/1-erasmus-19-20\/\"><i class=\"fa fa-envelope \"><\/i><\/a><\/div><span class='read-more'><a data-id='34968' class='' href='https:\/\/dev.easyteam.org\/lissonemontalcini\/1-erasmus-19-20\/'>Read More<\/a><\/span><\/div><\/div><\/div><\/div><div class=\"rt-col-md-4 rt-col-sm-6 rt-col-xs-12 even-grid-item rt-grid-item\" data-id=\"35288\"><div class=\"rt-holder\"><div class='rt-detail'><h3 class=\"entry-title\"><a data-id=\"35288\" class=\"\" href=\"https:\/\/dev.easyteam.org\/lissonemontalcini\/2-erasmus-23-24\/\">2\u00b0 ERASMUS 21-27<\/a><\/h3><div class='post-meta-user  '><span class='author'><i class='fa fa-user '><\/i><a href=\"https:\/\/dev.easyteam.org\/lissonemontalcini\/author\/easyadmin\/\">Webmaster<\/a><\/span><span class='date'><i class='far fa-calendar-alt '><\/i>17 Aprile 2026<\/span><\/div><div class='tpg-excerpt'>Terminato il primo progetto, ci siamo candidati per l\u2019accreditamento Erasmus+&nbsp;e l\u2019abbiamo ottenuto con lo splendido...<\/div><div class='post-meta '><div class='rt-tpg-social-share'><a class='facebook' title='Share on facebook' target='_blank' href='https:\/\/www.facebook.com\/sharer\/sharer.php?u=https:\/\/dev.easyteam.org\/lissonemontalcini\/2-erasmus-23-24\/'><i class='fab fa-facebook-f ' aria-hidden='true'><\/i><\/a><a class='twitter' title='Share on twitter' target='_blank' href='http:\/\/www.twitter.com\/intent\/tweet?url=https:\/\/dev.easyteam.org\/lissonemontalcini\/2-erasmus-23-24\/'><i class='fab fa-x-twitter ' aria-hidden='true'><\/i><\/a><a class='linkedin' title='Share on linkedin' target='_blank' href='https:\/\/www.linkedin.com\/shareArticle?mini=true&amp;url=https:\/\/dev.easyteam.org\/lissonemontalcini\/2-erasmus-23-24\/'><i class='fab fa-linkedin-in ' aria-hidden='true'><\/i><\/a><a class=\"email\" title=\"Share on Email\" href=\"mailto:?subject=2\u00b0 ERASMUS 21-27&amp;body=Terminato il primo progetto, ci siamo candidati per l\u2019accreditamento Erasmus+&nbsp;e\u2026 l\u2019abbiamo ottenuto con lo splendido punteggio di&nbsp;96\/100, con validit\u00e0 dal 01\/02\/2022 al 31\/12\/2027.&nbsp; Che cos\u2019\u00e8 l\u2019accreditamento Erasmus+?&nbsp; E\u2019&nbsp;la conferma del fatto che la nostra scuola ha [&hellip;]\r - https:\/\/dev.easyteam.org\/lissonemontalcini\/2-erasmus-23-24\/\"><i class=\"fa fa-envelope \"><\/i><\/a><\/div><span class='read-more'><a data-id='35288' class='' href='https:\/\/dev.easyteam.org\/lissonemontalcini\/2-erasmus-23-24\/'>Read More<\/a><\/span><\/div><\/div><\/div><\/div><\/div><\/div>\n<p><img fetchpriority=\"high\" decoding=\"async\" width=\"329\" height=\"180\" src=\"https:\/\/www.iclissonesecondo.edu.it\/wp-content\/uploads\/2025\/09\/bandiera-UE-Erasmus.png\" alt=\"\" class=\"wp-image-31763\" style=\"width:394px;height:auto\" srcset=\"https:\/\/www.iclissonesecondo.edu.it\/wp-content\/uploads\/2025\/09\/bandiera-UE-Erasmus.png 329w, https:\/\/www.iclissonesecondo.edu.it\/wp-content\/uploads\/2025\/09\/bandiera-UE-Erasmus-300x164.png 300w, https:\/\/www.iclissonesecondo.edu.it\/wp-content\/uploads\/2025\/09\/bandiera-UE-Erasmus-180x98.png 180w\" sizes=\"(max-width: 329px) 100vw, 329px\" \/><\/p>\n","protected":false},"excerpt":{"rendered":"<p>Cos\u2019\u00e8 Erasmus plus? E\u2019 un programma dell\u2019Unione Europea che fornisce a giovani ed adulti opportunit\u00e0 di studio, di formazione, di esperienze lavorative o di volontariato all\u2019estero. Quali possibilit\u00e0 pu\u00f2 offrire alle scuole? Le scuole possono elaborare [&hellip;]<\/p>\n","protected":false},"author":1,"featured_media":0,"parent":8,"menu_order":0,"comment_status":"closed","ping_status":"closed","template":"","meta":{"qubely_global_settings":"","qubely_interactions":"","advgb_blocks_editor_width":"","advgb_blocks_columns_visual_guide":"","footnotes":""},"tags":[440,444],"class_list":["post-34964","page","type-page","status-publish","hentry","tag-alunni","tag-genitori"],"coauthors":[],"author_meta":{"author_link":"https:\/\/dev.easyteam.org\/lissonemontalcini\/author\/easyadmin\/","display_name":"Webmaster"},"relative_dates":{"created":"Pubblicato 2 settimane fa","modified":"Aggiornato 1 settimana fa"},"absolute_dates":{"created":"Pubblicato il 16 Aprile 2026","modified":"Aggiornato il 20 Aprile 2026"},"absolute_dates_time":{"created":"Pubblicato il 16 Aprile 2026 18:30","modified":"Aggiornato il 20 Aprile 2026 23:40"},"featured_img_caption":"","featured_img":false,"series_order":"","publishpress_future_action":{"enabled":false,"date":"2026-05-06 12:11:15","action":"change-status","newStatus":"draft","terms":[],"taxonomy":"post_tag","extraData":[]},"publishpress_future_workflow_manual_trigger":{"enabledWorkflows":[]},"rttpg_featured_image_url":null,"rttpg_author":{"display_name":"Webmaster","author_link":"https:\/\/dev.easyteam.org\/lissonemontalcini\/author\/easyadmin\/"},"rttpg_comment":0,"rttpg_category":"","rttpg_excerpt":"Cos\u2019\u00e8 Erasmus plus? E\u2019 un programma dell\u2019Unione Europea che fornisce a giovani ed adulti opportunit\u00e0 di studio, di formazione, di esperienze lavorative o di volontariato all\u2019estero. Quali possibilit\u00e0 pu\u00f2 offrire alle scuole? Le scuole possono elaborare [&hellip;]","post_mailing_queue_ids":[],"_links":{"self":[{"href":"https:\/\/dev.easyteam.org\/lissonemontalcini\/wp-json\/wp\/v2\/pages\/34964","targetHints":{"allow":["GET"]}}],"collection":[{"href":"https:\/\/dev.easyteam.org\/lissonemontalcini\/wp-json\/wp\/v2\/pages"}],"about":[{"href":"https:\/\/dev.easyteam.org\/lissonemontalcini\/wp-json\/wp\/v2\/types\/page"}],"author":[{"embeddable":true,"href":"https:\/\/dev.easyteam.org\/lissonemontalcini\/wp-json\/wp\/v2\/users\/1"}],"replies":[{"embeddable":true,"href":"https:\/\/dev.easyteam.org\/lissonemontalcini\/wp-json\/wp\/v2\/comments?post=34964"}],"version-history":[{"count":6,"href":"https:\/\/dev.easyteam.org\/lissonemontalcini\/wp-json\/wp\/v2\/pages\/34964\/revisions"}],"predecessor-version":[{"id":35303,"href":"https:\/\/dev.easyteam.org\/lissonemontalcini\/wp-json\/wp\/v2\/pages\/34964\/revisions\/35303"}],"up":[{"embeddable":true,"href":"https:\/\/dev.easyteam.org\/lissonemontalcini\/wp-json\/wp\/v2\/pages\/8"}],"wp:attachment":[{"href":"https:\/\/dev.easyteam.org\/lissonemontalcini\/wp-json\/wp\/v2\/media?parent=34964"}],"wp:term":[{"taxonomy":"post_tag","embeddable":true,"href":"https:\/\/dev.easyteam.org\/lissonemontalcini\/wp-json\/wp\/v2\/tags?post=34964"}],"curies":[{"name":"wp","href":"https:\/\/api.w.org\/{rel}","templated":true}]}}

<p><strong>Cos’è Erasmus plus</strong>? E’ un programma dell’Unione Europea che fornisce a giovani ed adulti opportunità di studio, di formazione, di esperienze lavorative o di volontariato all’estero.</p>
<p><strong>Quali possibilità può offrire alle scuole</strong>? Le scuole possono elaborare dei progetti che prevedano&nbsp;la mobilità del personale: periodi all’estero per migliorare le proprie competenze e rinnovare la didattica, per conoscere altri sistemi educativi e formativi e per confrontarsi&nbsp;con colleghi europei.</p>
<p>Il nostro Istituto ha partecipato per la prima volta a questo stimolante progetto negli anni 2019-2020, con l&#8217;azione KA1 – MOBILITÀ DELLO STAFF DELLA SCUOLA, che ha portato diversi docenti a seguire percorsi di formazione all&#8217;estero.</p>
<p>L&#8217;esperienza è stata così significativa che abbiamo deciso di fare un passo in più: ci siamo candidati per l’accreditamento Erasmus+, che permette di progettare su più anni, coinvolgendo anche gli alunni; il nostro progetto ha ottenuto uno splendido punteggio e così&#8230; eccoci all&#8217;opera!</p>
<p>Se vuoi scoprire di più su questi progetti, sulle esperienze già fatte e su quelle in programma, clicca sui bottoni sottostanti!</p>
<style type='text/css' media='all'>#rt-tpg-container-2898687578 .rt-holder .rt-woo-info .price{color:#0367bf;}body .rt-tpg-container .rt-tpg-isotope-buttons .selected,
					#rt-tpg-container-2898687578 .layout12 .rt-holder:hover .rt-detail,
					#rt-tpg-container-2898687578 .isotope8 .rt-holder:hover .rt-detail,
					#rt-tpg-container-2898687578 .carousel8 .rt-holder:hover .rt-detail,
					#rt-tpg-container-2898687578 .layout13 .rt-holder .overlay .post-info,
					#rt-tpg-container-2898687578 .isotope9 .rt-holder .overlay .post-info,
					#rt-tpg-container-2898687578.rt-tpg-container .layout4 .rt-holder .rt-detail,
					.rt-modal-2898687578 .md-content,
					.rt-modal-2898687578 .md-content > .rt-md-content-holder .rt-md-content,
					.rt-popup-wrap-2898687578.rt-popup-wrap .rt-popup-navigation-wrap,
					#rt-tpg-container-2898687578 .carousel9 .rt-holder .overlay .post-info{background-color:#0367bf;}#rt-tpg-container-2898687578 .layout5 .rt-holder .overlay, #rt-tpg-container-2898687578 .isotope2 .rt-holder .overlay, #rt-tpg-container-2898687578 .carousel2 .rt-holder .overlay,#rt-tpg-container-2898687578 .layout15 .rt-holder h3, #rt-tpg-container-2898687578 .isotope11 .rt-holder h3, #rt-tpg-container-2898687578 .carousel11 .rt-holder h3, #rt-tpg-container-2898687578 .layout16 .rt-holder h3,
					#rt-tpg-container-2898687578 .isotope12 .rt-holder h3, #rt-tpg-container-2898687578 .carousel12 .rt-holder h3 {background-color:rgba(3,103,191,0.1);}#rt-tpg-container-2898687578 .read-more a{border-radius:px;}#rt-tpg-container-2898687578 .rt-img-holder img.rt-img-responsive,#rt-tpg-container-2898687578 .rt-img-holder,
					#rt-tpg-container-2898687578 .rt-post-overlay .post-img,
					#rt-tpg-container-2898687578 .post-sm .post-img,
					#rt-tpg-container-2898687578 .rt-post-grid .post-img,
					#rt-tpg-container-2898687578 .post-img img {border-radius:px;}</style><div class='rt-container-fluid rt-tpg-container tpg-shortcode-main-wrapper  loading' id='rt-tpg-container-2898687578'   data-layout='layout1' data-grid-style='even' data-desktop-col='3'  data-tab-col='2'  data-mobile-col='1' data-sc-id='35269'><div id="bottom-script-loader" class="bottom-script-loader"><div class="rt-ball-clip-rotate"><div></div></div></div><div data-title='Loading ...' class='rt-row rt-content-loader   layout1 tpg-even '><div class="rt-col-md-4 rt-col-sm-6 rt-col-xs-12 even-grid-item rt-grid-item" data-id="34968"><div class="rt-holder"><div class='rt-detail'><h3 class="entry-title"><a data-id="34968" class="" href="https://dev.easyteam.org/lissonemontalcini/1-erasmus-19-20/">1° ERASMUS KA1 2019-2020</a></h3><div class='post-meta-user  '><span class='author'><i class='fa fa-user '></i><a href="https://dev.easyteam.org/lissonemontalcini/author/easyadmin/">Webmaster</a></span><span class='date'><i class='far fa-calendar-alt '></i>17 Aprile 2026</span></div><div class='tpg-excerpt'>Una grande novità riguarda il nostro Istituto: l’Agenzia Nazionale Erasmus + Indire ha approvato il...</div><div class='post-meta '><div class='rt-tpg-social-share'><a class='facebook' title='Share on facebook' target='_blank' href='https://www.facebook.com/sharer/sharer.php?u=https://dev.easyteam.org/lissonemontalcini/1-erasmus-19-20/'><i class='fab fa-facebook-f ' aria-hidden='true'></i></a><a class='twitter' title='Share on twitter' target='_blank' href='http://www.twitter.com/intent/tweet?url=https://dev.easyteam.org/lissonemontalcini/1-erasmus-19-20/'><i class='fab fa-x-twitter ' aria-hidden='true'></i></a><a class='linkedin' title='Share on linkedin' target='_blank' href='https://www.linkedin.com/shareArticle?mini=true&amp;url=https://dev.easyteam.org/lissonemontalcini/1-erasmus-19-20/'><i class='fab fa-linkedin-in ' aria-hidden='true'></i></a><a class="email" title="Share on Email" href="mailto:?subject=1° ERASMUS KA1 2019-2020&amp;body=Una grande novità riguarda il nostro Istituto: l’Agenzia Nazionale Erasmus + Indire ha approvato il progetto di mobilità presentato dalla nostra scuola, autorizzando l’AZIONE KA1 – MOBILITÀ DELLO STAFF DELLA SCUOLA. Ogni candidatura viene attentamente vagliata [&hellip;] - https://dev.easyteam.org/lissonemontalcini/1-erasmus-19-20/"><i class="fa fa-envelope "></i></a></div><span class='read-more'><a data-id='34968' class='' href='https://dev.easyteam.org/lissonemontalcini/1-erasmus-19-20/'>Read More</a></span></div></div></div></div><div class="rt-col-md-4 rt-col-sm-6 rt-col-xs-12 even-grid-item rt-grid-item" data-id="35288"><div class="rt-holder"><div class='rt-detail'><h3 class="entry-title"><a data-id="35288" class="" href="https://dev.easyteam.org/lissonemontalcini/2-erasmus-23-24/">2° ERASMUS 21-27</a></h3><div class='post-meta-user  '><span class='author'><i class='fa fa-user '></i><a href="https://dev.easyteam.org/lissonemontalcini/author/easyadmin/">Webmaster</a></span><span class='date'><i class='far fa-calendar-alt '></i>17 Aprile 2026</span></div><div class='tpg-excerpt'>Terminato il primo progetto, ci siamo candidati per l’accreditamento Erasmus+&nbsp;e l’abbiamo ottenuto con lo splendido...</div><div class='post-meta '><div class='rt-tpg-social-share'><a class='facebook' title='Share on facebook' target='_blank' href='https://www.facebook.com/sharer/sharer.php?u=https://dev.easyteam.org/lissonemontalcini/2-erasmus-23-24/'><i class='fab fa-facebook-f ' aria-hidden='true'></i></a><a class='twitter' title='Share on twitter' target='_blank' href='http://www.twitter.com/intent/tweet?url=https://dev.easyteam.org/lissonemontalcini/2-erasmus-23-24/'><i class='fab fa-x-twitter ' aria-hidden='true'></i></a><a class='linkedin' title='Share on linkedin' target='_blank' href='https://www.linkedin.com/shareArticle?mini=true&amp;url=https://dev.easyteam.org/lissonemontalcini/2-erasmus-23-24/'><i class='fab fa-linkedin-in ' aria-hidden='true'></i></a><a class="email" title="Share on Email" href="mailto:?subject=2° ERASMUS 21-27&amp;body=Terminato il primo progetto, ci siamo candidati per l’accreditamento Erasmus+&nbsp;e… l’abbiamo ottenuto con lo splendido punteggio di&nbsp;96/100, con validità dal 01/02/2022 al 31/12/2027.&nbsp; Che cos’è l’accreditamento Erasmus+?&nbsp; E’&nbsp;la conferma del fatto che la nostra scuola ha [&hellip;] - https://dev.easyteam.org/lissonemontalcini/2-erasmus-23-24/"><i class="fa fa-envelope "></i></a></div><span class='read-more'><a data-id='35288' class='' href='https://dev.easyteam.org/lissonemontalcini/2-erasmus-23-24/'>Read More</a></span></div></div></div></div></div></div>
<p><img fetchpriority="high" decoding="async" width="329" height="180" src="https://www.iclissonesecondo.edu.it/wp-content/uploads/2025/09/bandiera-UE-Erasmus.png" alt="" class="wp-image-31763" style="width:394px;height:auto" srcset="https://www.iclissonesecondo.edu.it/wp-content/uploads/2025/09/bandiera-UE-Erasmus.png 329w, https://www.iclissonesecondo.edu.it/wp-content/uploads/2025/09/bandiera-UE-Erasmus-300x164.png 300w, https://www.iclissonesecondo.edu.it/wp-content/uploads/2025/09/bandiera-UE-Erasmus-180x98.png 180w" sizes="(max-width: 329px) 100vw, 329px" /></p>

<p>Cos’è Erasmus plus? E’ un programma dell’Unione Europea che fornisce a giovani ed adulti opportunità di studio, di formazione, di esperienze lavorative o di volontariato all’estero. Quali possibilità può offrire alle scuole? Le scuole possono elaborare [&hellip;]</p>

Cos’è Erasmus plus? E’ un programma dell’Unione Europea che fornisce a giovani ed adulti opportunità di studio, di formazione, di esperienze lavorative o di volontariato all’estero. Quali possibilità può offrire alle scuole? Le scuole possono elaborare [&hellip;]
