{"id":3,"date":"2023-05-02T12:04:08","date_gmt":"2023-05-02T12:04:08","guid":{"rendered":"http:\/\/192.168.201.25\/bisuschiovalceresio\/?page_id=3"},"modified":"2023-10-26T14:09:36","modified_gmt":"2023-10-26T14:09:36","slug":"privacy-policy","status":"publish","type":"page","link":"https:\/\/dev.easyteam.org\/bisuschiovalceresio\/privacy-policy\/","title":{"rendered":"Privacy Policy"},"content":{"rendered":"<h3>INFORMATIVA EX ART. 13 DLGS. 196\/2003<a href=\"http:\/\/192.168.201.25\/bisuschiovalceresio\/wp\/wp-content\/uploads\/2012\/07\/privacyPolicy.gif\"><img loading=\"lazy\" decoding=\"async\" class=\" size-full wp-image-1159 alignright\" src=\"http:\/\/192.168.201.25\/bisuschiovalceresio\/wp\/wp-content\/uploads\/2012\/07\/privacyPolicy.gif\" alt=\"privacyPolicy\" width=\"150\" height=\"118\" data-id=\"1159\" \/><\/a><\/h3>\n<p>Desideriamo informare gli utenti di questo sito che il D.Lgs n. 196 del 30 giugno 2003 \u2013 Codice in materia di protezione dei dati personali \u2013 prevede la tutela delle persone e di altri soggetti rispetto al trattamento dei dati personali (pervenuti per esempio via posta elettronica o moduli di registrazione).<\/p>\n<p>Secondo la normativa indicata, tale trattamento sar\u00e0 improntato ai principi di correttezza, liceit\u00e0 e trasparenza e di tutela della Sua riservatezza e dei Suoi diritti.<br \/>Ai sensi dell\u2019articolo 13 del DLgs. n.196\/2003, pertanto, Le forniamo le seguenti informazioni:<\/p>\n<ol>\n<li>I dati forniti verranno trattati per la registrazione del suo contatto, per essere eventualmente ricontattato, per l\u2019erogazione dei servizi dove \u00e8 prevista la compilazione di un modulo di \u201cContatto\u201d, quando attivato in modo automatico.<\/li>\n<li>Il trattamento sar\u00e0 effettuato in modalit\u00e0 informatizzata.<\/li>\n<li>La comunicazione dei dati ha natura facoltativa; tuttavia, il mancato conferimento, anche parziale, dei dati richiesti nei campi contrassegnati come \u201cobbligatori\u201d (marcati con *), determiner\u00e0 la mancata erogazione del servizio.<\/li>\n<li>I dati non saranno comunicati ad altri soggetti, n\u00e9 saranno oggetto di diffusione.<\/li>\n<li>Il titolare del trattamento \u00e8: il Dirigente Scolastico presso l\u2019Istituto Statale Istruzione Superiore \u201cValceresio\u201d, sito in via Via Roma, 57 -21050 \u2013 Bisuschio (Va)<\/li>\n<li>Il responsabile del trattamento \u00e8 il Direttore Servizi Generali Amministrativi, presso l\u2019Istituto Statale Istruzione Superiore \u201cValceresio\u201d, sito in via Via Roma, 57 -21050 \u2013 Bisuschio (Va)<\/li>\n<li>In ogni momento \u00e8 possibile esercitare i propri diritti nei confronti del titolare del trattamento, ai sensi dell\u2019art.7 del D.Lgs.196\/2003.Concedere il consenso significa confermare di essere stato informato correttamente circa:<\/li>\n<\/ol>\n<ul>\n<li>l\u2019oggetto della informativa<\/li>\n<li>le finalit\u00e0 del trattamento dei dati<\/li>\n<li>le modalit\u00e0 del trattamento dei dati<\/li>\n<li>la natura del conferimento<\/li>\n<li>l\u2019eventuale diffusione e comunicazione dei dati<\/li>\n<li>il nominativo del soggetto titolare del trattamentoe di conoscere i diritti di cui all\u2019art. 7 del D.Lgs 196\/03.<\/li>\n<\/ul>\n<p>Quando \u00e8 richiesto dal modulo automatico di contatto, per acconsentire al trattamento dei propri dati personali \u00e8 necessario spuntare la relativa conferma.<\/p>\n<h3>POLICY COMPLETA DELLA PRIVACY ADOTTATA DAL NOSTRO ISTITUTO<\/h3>\n<p>L\u2019istituto rispetta la privacy dei propri utenti e si impegna a proteggere i dati personali che gli stessi conferiscono all\u2019istituto. In generale, l\u2019utente pu\u00f2 navigare sul sito web senza fornire alcun tipo di informazione personale. La raccolta ed il trattamento di dati personali avvengono, quando necessari, in relazione all\u2019esecuzione di servizi richiesti dall\u2019utente, o quando l\u2019utente stesso decide di comunicare i propri dati personali; in tali circostanze, la presente politica della privacy illustra le modalit\u00e0 ed i caratteri di raccolta e trattamento dei dati personali dell\u2019utente. L\u2019istituto tratta i dati personali forniti dagli utenti in conformit\u00e0 alla normativa vigente.<\/p>\n<p>Raccolta di Dati Personali<\/p>\n<p>Dati personali significa qualsiasi informazione che possa essere impegnata per identificare un individuo, una societ\u00e0 od altro ente. A titolo puramente esemplificativo e non esaustivo viene raccolto ad esempio il nome ed il cognome, l\u2019indirizzo di posta elettronica [e-mail], l\u2019indirizzo, un recapito postale od altro recapito di carattere fisico, altre informazioni necessarie per contattare l\u2019utente, qualifica, data di nascita, genere, lavoro, attivit\u00e0 commerciale, interessi personali, altre informazioni necessarie per la prestazione dei servizi richiesti dall\u2019utente.<\/p>\n<p>Dati di navigazione<\/p>\n<p>La navigazione sul sito dell\u2019istituto avviene in forma anonima, a meno che l\u2019utente abbia precedentemente specificato che desidera che l\u2019istituto, solo per la navigazione delle aree riservate, ricordi oltre all\u2019identificativo con cui si \u00e8 registrato assegnato dall\u2019amministratore del sistema, anche la relativa password che viene inviata all\u2019indirizzo e-mail del richiedente e non a conoscenza dell\u2019amministratore del sito. L\u2019istituto non compie operazioni di raccolta dati dell\u2019utente con modalit\u00e0 automatiche, incluso l\u2019indirizzo di posta elettronica [e-mail]. L\u2019istituto registra l\u2019indirizzo IP dell\u2019utente (Internet Protocol, vale a dire l\u2019indirizzo Internet del computer dell\u2019utente) per avere un\u2019idea dell\u2019area del sito che l\u2019utente visita e della durata della visita, nel rispetto della normativa vigente in tema di tutela di dati personali (dati utilizzati al solo fine di ricavare informazioni statistiche anonime sull\u2019uso del sito e controllarne il corretto funzionamento e sono cancellati immediatamente dopo l\u2019operazione. I dati possono essere utilizzati per l\u2019accertamento di responsabilit\u00e0 in caso di ipotetici reati informatici ai danni del sito). Inoltre, l\u2019istituto non mette in relazione l\u2019indirizzo IP dell\u2019utente con altre informazioni personali relative allo stesso se non dopo averlo debitamente informato del relativo trattamento ed avere ottenuto il suo consenso al trattamento, e solo rispetto ad utenti registrati nelle aree riservate del proprio sito. Come molti altri siti web aventi carattere e contenuto indirizzato ai servizi, il sito dell\u2019istituto pu\u00f2 impiegare una tecnologia standard chiamata \u201ccookie\u201d per raccogliere informazioni sulle modalit\u00e0 di uso del sito da parte dell\u2019utente. Per ulteriori informazioni, l\u2019utente \u00e8 invitato a consultare la seguente sezione \u201cCookies \u201c.<\/p>\n<p>Dati forniti volontariamente dall\u2019utente<\/p>\n<p>L\u2019Istituto raccoglie i dati personali dell\u2019utente in occasione della sua registrazione per assegnare un CODICE UTENTE e una password, per emettere un account, necessari all\u2019utente stesso per usufruire di determinati prodotti o servizi offerti dalla scuola. In particolare la registrazione \u00e8 necessaria all\u2019utente per poter accedere alla aree Riservate, per partecipare al forum, per usufruire di chat, per poter inviare messaggi ad altri iscritti, per inserire commenti alle notizie, quando l\u2019utente chiede di ricevere determinate e-mail o di essere inserito in una mailing-list, o quando l\u2019utente, per qualsiasi altra ragione, comunica i propri dati all\u2019Istituto . L\u2019istituto usa tali informazioni solamente ove le stesse siano state legittimamente raccolte in conformit\u00e0 alla presente Policy e nel rispetto della normativa vigente. Si sottolinea ancora che Alcuni servizi web del sito prevedono l\u2019invio facoltativo, esplicito e volontario di posta elettronica agli indirizzi indicati sul sito che comporta acquisizione dell\u2019indirizzo del mittente, necessario per rispondere alle richieste, nonch\u00e9 degli eventuali altri dati personali inseriti nella missiva. Specifiche informative di sintesi (disclaimer) possono essere visualizzate con apposito link nelle pagine del sito predisposte per particolari servizi a richiesta (come la pagina contatti). E\u2019 inoltre indicato il trattamento di dati sensibili o giudiziari forniti dall\u2019utente nel corpo della mail.<\/p>\n<p>Comunicazione di Dati Personali<\/p>\n<p>In caso di raccolta di dati personali, l\u2019istituto informer\u00e0 l\u2019utente sulle finalit\u00e0 della raccolta al momento della stessa, ove necessario, richieder\u00e0 il consenso dell\u2019utente. L\u2019Istituto non comunicher\u00e0 i dati personali dell\u2019utente a terzi senza il consenso dell\u2019utente, salvo le limitate circostanze specificate in seguito nella Sezione \u201cAmbito di Comunicazione e Diffusione di Dati Personali\u201d. Se l\u2019utente decide di fornire alla scuola i propri dati personali, la scuola potr\u00e0 comunicarli all\u2019interno dell\u2019Istituto della scuola od a terzi che prestano servizi alla scuola, solo rispetto a coloro che hanno bisogno di conoscerli in ragione delle proprie mansioni, e, ove necessario, con il permesso dell\u2019utente. La scuola invier\u00e0 all\u2019utente materiale relativo ad attivit\u00e0 di informazione ed a ricerche di mercato solo dopo aver informato l\u2019utente ed aver ottenuto il consenso dello stesso al trattamento, in conformit\u00e0 alle disposizioni vigenti in tema di protezione di dati personali.<\/p>\n<p>Cookies<\/p>\n<p>Un cookies \u00e8 un piccolo file di testo che alcuni siti web inviano all\u2019hard drive dell\u2019utente in occasione della visita al sito. Un cookie pu\u00f2 contenere informazioni quali un ID dell\u2019utente che il sito usa per controllare le pagine visitate, ma le uniche informazioni di carattere personale che un cookie pu\u00f2 contenere sono quelle fornite dall\u2019utente stesso. Un cookie non pu\u00f2 leggere i dati presenti sull\u2019ahrd disk dell\u2019utente o leggere i cookies creati da altri siti. Alcune aree del sito dell\u2019L\u2019istituto impiegano cookies per registrare le modalit\u00e0 di navigazione degli utenti sul sito. L\u2019Istituto si serve di cookies per determinare il grado di utilit\u00e0 delle informazioni che fornisce ai propri utenti e per verificare l\u2019efficacia della struttura di navigazione del sito in relazione al supporto di aiuto offerto all\u2019utente per ottenere quell\u2019informazione. Se l\u2019utente non desidera ricevere cookies durante la navigazione sul sito, pu\u00f2 programmare il proprio browser in modo da essere avvertito prima di accettare cookies e rifiutare i cookies quando il browser avvisa della presenza dei cookies. L\u2019utente pu\u00f2 anche rifiutare tutti i cookies disattivandoli nel prorio browser, anche se in tal modo l\u2019utente non sarebbe poi in grado di sfruttare in pieno dei vantaggi del sito. In particolare, all\u2019utente potrebbe essere chiesto di accettare cookies al fine di compiere determinate operazioni sul sito web. Tuttavia, non \u00e8 necessario che l\u2019utente accetti tutti i cookies per usare\/navigare in molte aree del sito dell\u2019istituto di Olgiate Comasco, salvo il caso in cui, per l\u2019accesso a specifiche pagine web, siano necessari la registrazione ed una password.<\/p>\n<p>Finalit\u00e0 e Modalit\u00e0 di trattamento dei Dati Raccolti<\/p>\n<p>L\u2019istituto tratta i dati personali dell\u2019utente per le seguenti finalit\u00e0 di carattere generale: per soddisfare le richieste a specifici prodotti o servizi, per personalizzare la visita dell\u2019utente al sito, per aggiornare l\u2019utente sulle ultime novit\u00e0 in relazione ai servizi dell\u2019L\u2019istituto od altre informazioni che ritiene siano di interesse dell\u2019utente che provengono direttamente dall\u2019Istituto o dai suoi patners, e per comprendere meglio i bisogni dell\u2019utente ed offrire allo stesso servizi migliori. Il trattamento di dati personali dell\u2019utente da parte dell\u2019L\u2019istituto per le finalit\u00e0 sopra specificate avviene in conformit\u00e0 alla normativa vigente a tutela dei dati personali.<br \/>Ambito di comunicazione e diffusione di dati personali<\/p>\n<p>I dati personali dell\u2019utente non vengono comunicati al di fuori della realt\u00e0 dell\u2019Istituto senza il consenso dell\u2019interessato, salvo quanto in seguito specificato. Nell\u2019ambito dell\u2019organizzazione dell\u2019L\u2019istituto, i dati sono conservati in server controllati cui \u00e8 consentito un accesso limitato in conformit\u00e0 alla normativa vigente a tutela dei dati personali. L\u2019istituto pu\u00f2 comunicare i dati personali dell\u2019utente a terzi in uno dei seguenti casi: quando l\u2019interessato abbia prestato il proprio consenso alla comunicazione; quando la comunicazione sia necessaria per fornire il prodotto o il servizio richiesto dall\u2019utente; la comunicazione sia necessaria in relazione a terzi che lavorano per conto dell\u2019L\u2019istituto per fornire il prodotto od il servizio richiesto dall\u2019utente (l\u2019istituto comunicher\u00e0 a questi solo le informazioni che si rendono necessarie in relazione alla prestazione del servizio, ed alle stesse \u00e8 vietato trattare i dati per finalit\u00e0 diverse); o per fornire all\u2019utente le informazioni che l\u2019Istituto ritenga sia necessario conoscere dall\u2019Istituto stesso e dagli altri enti ad esso collegati (in qualsiasi momento l\u2019utente potr\u00e0 richiedere di non ricevere pi\u00f9 tale tipo di informazioni). L\u2019istituto inoltre divulgher\u00e0 i dati personali dell\u2019utente in caso ci\u00f2 sia richiesto dalla legge.<\/p>\n<p>Diritti dell\u2019utente; User Account<\/p>\n<p>Se l\u2019utente \u00e8 un utente registrato, per richiedere la cancellazione del proprio L\u2019istituto account o qualsiasi altro proprio dato personale deve inviare una mail al responsabile della gestione\/aggiornamento del sito (webmaster).<\/p>\n<p>Sicurezza dei dati<\/p>\n<p>Le informazioni dell\u2019L\u2019istituto account sono protette da una password per garantire la riservatezza e la sicurezza dell\u2019utente. L\u2019istituto adotta tutte le misure di sicurezza e le procedure fisiche, elettroniche ed organizzative richieste dalla normativa vigente.\u00a0 Anche se l\u2019istituto fa quanto ragionevolmente possibile per proteggere i dati personali dell\u2019utente, lo stesso non pu\u00f2 garantire la completa totale sicurezza dei dati personali dell\u2019utente durante la comunicazione, quindi l\u2019istituto invita calorosamente l\u2019utente ad adottare tutte le misure precauzionali per proteggere i propri dati personali quando naviga su Internet. Ad esempio, l\u2019utente \u00e8 invitato a cambiare spesso la propria password, usare una combinazione di lettere e numeri ed assicurarsi di fare uso di un browser sicuro.<\/p>\n<p>Minori e privacy<\/p>\n<p>Il sito web dell\u2019istituto \u00e8 pensato per un utilizzo anche da parte di minori di 18 anni in quanto presenta contenuti puramente didattici e culturali. Quindi l\u2019istituto non richiede, in fase di iscrizione, la maggiore et\u00e0 dell\u2019utente.<\/p>\n<p>Siti di terzi<\/p>\n<p>Il sito web dell\u2019istituto contiene links ad altri siti. L\u2019istituto non condivide i dati personali dell\u2019utente con questi siti e non \u00e8 responsabile delle pratiche degli stessi in relazione alla tutela ed al trattamento di dati personali. L\u2019istituto invita l\u2019utente a prendere visione della politica della privacy di tali siti per conoscere le modalit\u00e0 di trattamento e raccolta dei propri dati personali da parte di tali siti web di terzi.<\/p>\n<p>Modifiche della politica della privacy<\/p>\n<p>L\u2019istituto modificher\u00e0 di volta in volta la presente policy della privacy. Qualora l\u2019Istituto modifichi in termini sostanziali le modalit\u00e0 di trattamento dei dati personali dell\u2019utente provveder\u00e0 a modificare questa pagina.<\/p>\n","protected":false},"excerpt":{"rendered":"<p>INFORMATIVA EX ART. 13 DLGS. 196\/2003 Desideriamo informare gli utenti di questo sito che il D.Lgs n. 196 del 30 giugno 2003 \u2013 Codice in materia di protezione dei dati personali \u2013 prevede la tutela delle [&hellip;]<\/p>\n","protected":false},"author":1,"featured_media":0,"parent":0,"menu_order":0,"comment_status":"closed","ping_status":"open","template":"","meta":{"_acf_changed":false,"qubely_global_settings":"","qubely_interactions":"","advgb_blocks_editor_width":"","advgb_blocks_columns_visual_guide":"","footnotes":""},"tags":[],"class_list":["post-3","page","type-page","status-publish","hentry"],"acf":[],"coauthors":[],"author_meta":{"author_link":"https:\/\/dev.easyteam.org\/bisuschiovalceresio\/author\/etinet\/","display_name":"etinet"},"relative_dates":{"created":"Pubblicato 3 anni fa","modified":"Aggiornato 3 anni fa"},"absolute_dates":{"created":"Pubblicato il 2 Maggio 2023","modified":"Aggiornato il 26 Ottobre 2023"},"absolute_dates_time":{"created":"Pubblicato il 2 Maggio 2023 12:04","modified":"Aggiornato il 26 Ottobre 2023 14:09"},"featured_img_caption":"","featured_img":false,"series_order":"","publishpress_future_action":{"enabled":false,"date":"2026-05-10 06:33:22","action":"change-status","newStatus":"draft","terms":[],"taxonomy":"post_tag","extraData":[]},"publishpress_future_workflow_manual_trigger":{"enabledWorkflows":[]},"rttpg_featured_image_url":null,"rttpg_author":{"display_name":"etinet","author_link":"https:\/\/dev.easyteam.org\/bisuschiovalceresio\/author\/etinet\/"},"rttpg_comment":0,"rttpg_category":false,"rttpg_excerpt":"INFORMATIVA EX ART. 13 DLGS. 196\/2003 Desideriamo informare gli utenti di questo sito che il D.Lgs n. 196 del 30 giugno 2003 \u2013 Codice in materia di protezione dei dati personali \u2013 prevede la tutela delle [&hellip;]","_links":{"self":[{"href":"https:\/\/dev.easyteam.org\/bisuschiovalceresio\/wp-json\/wp\/v2\/pages\/3","targetHints":{"allow":["GET"]}}],"collection":[{"href":"https:\/\/dev.easyteam.org\/bisuschiovalceresio\/wp-json\/wp\/v2\/pages"}],"about":[{"href":"https:\/\/dev.easyteam.org\/bisuschiovalceresio\/wp-json\/wp\/v2\/types\/page"}],"author":[{"embeddable":true,"href":"https:\/\/dev.easyteam.org\/bisuschiovalceresio\/wp-json\/wp\/v2\/users\/1"}],"replies":[{"embeddable":true,"href":"https:\/\/dev.easyteam.org\/bisuschiovalceresio\/wp-json\/wp\/v2\/comments?post=3"}],"version-history":[{"count":1,"href":"https:\/\/dev.easyteam.org\/bisuschiovalceresio\/wp-json\/wp\/v2\/pages\/3\/revisions"}],"predecessor-version":[{"id":212,"href":"https:\/\/dev.easyteam.org\/bisuschiovalceresio\/wp-json\/wp\/v2\/pages\/3\/revisions\/212"}],"wp:attachment":[{"href":"https:\/\/dev.easyteam.org\/bisuschiovalceresio\/wp-json\/wp\/v2\/media?parent=3"}],"wp:term":[{"taxonomy":"post_tag","embeddable":true,"href":"https:\/\/dev.easyteam.org\/bisuschiovalceresio\/wp-json\/wp\/v2\/tags?post=3"}],"curies":[{"name":"wp","href":"https:\/\/api.w.org\/{rel}","templated":true}]}}